
14
Let u(s) = -s**2 - 6*s - 2. Let v be u(-5). Suppose 0 = v*f - 4 - 29. Suppose -9 - f = -2*b. Calculate the highest common divisor of 110 and b.
10
Suppose -66*u - 418 = -68*u. Calculate the greatest common divisor of 55 and u.
11
Let l be (-234)/12*(-5 - -1). Calculate the highest common divisor of 1014 and l.
78
Let j be 2680/90 - 2*2/(-18). Calculate the highest common factor of 20 and j.
10
Let a be (43/3)/(1/3). Let w = 16 - 11. Suppose -3*d = -w*p + 4*p - a, 0 = 5*d - 5*p - 55. What is the greatest common divisor of 8 and d?
8
Suppose 69*d + 57 = 72*d. Let j(i) = -11*i - 2. Let q be j(-3). Let l = q - d. Calculate the highest common factor of 84 and l.
12
Let p(k) = k**3 - k**2 + 18*k - 15. Let g be p(3). What is the greatest common factor of g and 209?
19
Let h be (1 - 4)/(6/(-134)). Let w = -4 + h. Let i be (-6 + 0)/((-7)/w). What is the highest common divisor of 36 and i?
18
Let d = 150 + -101. Calculate the highest common divisor of 392 and d.
49
Let h be 4/10 - (-79692)/145. What is the highest common factor of 22 and h?
22
Let p = 672 + -542. What is the greatest common divisor of 78 and p?
26
Let u(p) = p**2 - 25*p - 6. Let b be u(26). What is the greatest common factor of 36 and b?
4
Suppose -5*y = -2*t - 1854, 4 = 2*t - 2. Calculate the highest common factor of 12 and y.
12
Let s = -1049 + 1980. Calculate the greatest common divisor of s and 57.
19
Suppose -15*f + 24*f - 36 = 0. Calculate the greatest common divisor of 18 and f.
2
Let p = 125 - -82. Calculate the highest common factor of p and 23.
23
Let v(z) = -z**3 + 10*z**2 + 9*z. Let r be v(10). Suppose 5*j - 6*j + r = 0. Suppose 0 = 2*a - 7*a + j. What is the highest common divisor of 2 and a?
2
Let v(f) = f**3 - 42*f**2 - 46*f + 131. Let w be v(43). Let r = 12 - 8. What is the greatest common factor of w and r?
2
Let j be 4/(-2) + (68 - 1). Suppose 2*z - 4*i + 8 = 0, 2*z - 2*i - 3 + 1 = 0. Suppose z*u - j = 79. What is the highest common divisor of u and 8?
8
Let o = 366 + 8. Calculate the greatest common factor of 34 and o.
34
Suppose 2*t = 3*b - 818, 5*b - 2*t - 1342 = -4*t. What is the highest common factor of 162 and b?
54
Suppose -v + 46 + 74 = 0. Let h = 237 - v. What is the highest common divisor of h and 13?
13
Let g = 299 - 260. Suppose 25 - 16 = 3*a. What is the highest common factor of g and a?
3
Let x be (75/15)/((-1)/(-2)). Suppose 14 = -5*s + 4. Let o(n) = -24*n + 2. Let g be o(s). What is the greatest common divisor of g and x?
10
Let r = -956 + 1116. What is the highest common factor of 416 and r?
32
Let p be 130/(-5)*-2 + (-5 - -5). Calculate the highest common divisor of 143 and p.
13
Suppose -3*y = -4*b - 39 - 501, -2*y - 5*b + 383 = 0. Calculate the highest common factor of 322 and y.
46
Suppose 4*c - s - 467 = -2*s, -3*c + 2*s = -342. Calculate the greatest common divisor of c and 2.
2
Suppose 3*x - 16 = 38. Let f = -4362 - -4368. Calculate the highest common factor of f and x.
6
Let h be 1/2 - 255/(-30). Calculate the greatest common divisor of h and 576.
9
Suppose 0 = -2*t + 2*u + 88, -5*t = -u - 105 - 115. Calculate the highest common factor of 77 and t.
11
Let g = -57 + 98. Suppose 238 = 3*v - b - g, 3*b = -4*v + 372. What is the greatest common divisor of 62 and v?
31
Suppose 4*v - 3*p = 67, -3*v - 5*p + 10 + 4 = 0. Suppose -6 - 14 = -4*f. Suppose s = -f, g + 3*s - 336 = -2*g. What is the greatest common factor of g and v?
13
Suppose -y + 552 = -3*i, 7*i = 11*i - 12. What is the highest common factor of 99 and y?
33
Suppose 0 = 2*i - 4*x + 7*x - 95, 0 = 4*i - 2*x - 166. What is the highest common factor of 559 and i?
43
Let t be (-1 + -3 - -8)*(-2 + 3). Suppose 3*x + 3 = 3*y - 0, 4*y - t = 3*x. What is the greatest common factor of 16 and y?
1
Let u = -33 - -109. Calculate the greatest common divisor of 532 and u.
76
Let b(m) = -m**2 - 2*m + 102. Let x be b(9). What is the greatest common divisor of x and 75?
3
Let m(s) = -5*s + 111. Let a be m(19). What is the highest common factor of a and 272?
16
Let v = -249 - -361. Calculate the highest common factor of v and 7.
7
Suppose 1130 = 14*j - 508. Calculate the greatest common factor of j and 39.
39
Let p = 174 - 118. Suppose -s = -8*s + p. Let r = -17 + 25. What is the highest common factor of r and s?
8
Suppose -860 = -4*f - 140. What is the greatest common divisor of 525 and f?
15
Let b(h) = 4*h**3 - 9*h + 7. Let i be b(2). What is the greatest common factor of i and 7?
7
Let h be 2/12 - (-51)/18. Suppose -h*p - 21 = -156. What is the highest common divisor of 18 and p?
9
Suppose 4*d + 216 = d. Let x be d/(-5) - (-10)/(-25). What is the greatest common divisor of 2 and x?
2
Let x(g) = -g**3 + 12*g**2 + 7*g - 70. Let n be x(11). What is the greatest common factor of n and 4?
4
Suppose 0 = 2*s + 2*s - 24. Let u(r) = r**3 + 4*r**2 + 2*r + 2. Let t be u(-3). Suppose t*l = 2*l + 126. What is the highest common divisor of s and l?
6
Suppose -7*g = -2*g + 245. Let z = g + 53. Calculate the highest common divisor of 8 and z.
4
Suppose m - 396 = -10*m. What is the highest common factor of m and 9?
9
Suppose -3*i = 5*f - 1230, 3*i + 275 = f + 47. Calculate the highest common factor of 162 and f.
81
Suppose -5*d - 11 = -31. Suppose 0 = d*y - 3*p - 0*p - 432, 2*y - p = 216. Calculate the greatest common divisor of y and 18.
18
Let k = -1391 - -1398. Let d = 2 - 1. What is the highest common factor of d and k?
1
Suppose 10 = -2*y, -4*y = -6*a + 4*a + 98. Suppose -4*z = -z - a. What is the highest common factor of 143 and z?
13
Let k(z) = -z**3 - 9*z**2 - 3*z + 16. Let p be k(-9). Suppose 4*y - 629 = -3*g, 137 - 360 = -g + 2*y. What is the highest common factor of g and p?
43
Let t(r) = 3*r - 6. Let n be t(2). Suppose -f - 3*f + 156 = -2*b, -3*b = n. What is the highest common factor of 195 and f?
39
Let x(n) = 80*n**2 + 39*n - 4. Let o be x(-2). What is the highest common divisor of 272 and o?
34
Suppose -19*h = 15 + 7 - 345. Suppose -3*w - 42 = -2*y + 1, -4*y + 59 = 3*w. What is the greatest common divisor of y and h?
17
Let z be (-305)/(-45) - 4/(-18). Suppose -f + 6*f - 15 = 0. Suppose f*m - 204 = -15. What is the greatest common divisor of m and z?
7
Let v = 19 - 10. Suppose 0 = -v*i + 12*i. Suppose -74 = -d - 4*d + 2*a, i = -d - a + 12. Calculate the greatest common divisor of d and 98.
14
Suppose -48*f = 7*f - 5830. What is the greatest common factor of 3286 and f?
106
Let r = -20 - -23. Suppose r*c = 8*c + 95. Let q = c + 37. What is the highest common factor of 144 and q?
18
Suppose 4*j - 8 = -3*f, j + 0 = 5*f + 25. Suppose 3*i + 141 = -j*d, 0 = 3*d + i + i + 84. Let t = 46 + d. What is the greatest common divisor of t and 16?
16
Let m be (-9)/(((-63)/(-426))/(-7)). Let c = 822 - m. Calculate the highest common factor of 36 and c.
36
Suppose 7*i - 258 = 113. What is the greatest common factor of i and 583?
53
Let v = 390 + -258. Calculate the highest common factor of v and 12.
12
Suppose 3476 + 304 = 18*p. What is the highest common factor of 294 and p?
42
Let m be (-6)/8 - ((-813)/12 - -3). Let b(a) = 7*a - 5. Let h be b(5). Let g = -14 + h. Calculate the greatest common divisor of g and m.
16
Suppose -u - 2 = u, -2*u = p - 28. Let q = 147 - 57. What is the greatest common factor of p and q?
30
Let m(o) = o**2 - 15*o - 70. Let w be m(20). Suppose 0 = -b + 3, 0*r + 4*r = -3*b + 189. What is the greatest common factor of w and r?
15
Let d = 1299 + -1256. Let l be (1/(-1))/(8/(-2408)). Calculate the highest common divisor of l and d.
43
Let v be (5/(-4))/((-2)/24). Let z be (-75)/(-10)*(-32)/(-24). What is the greatest common divisor of v and z?
5
Let i(p) = 13*p**2 - 29*p - 80. Let h be i(-10). What is the highest common factor of h and 10?
10
Let z be (4/(-10))/((-2)/250). Suppose 0 = q, z = 3*h + 2*h + 4*q. Suppose -3*w - h = -4*w. What is the greatest common factor of 4 and w?
2
Let r(z) = -z**2 - 11*z - 1. Let x(p) = -4*p**2 - 45*p - 5. Let w(u) = -9*r(u) + 2*x(u). Let y be w(8). Calculate the greatest common factor of y and 15.
15
Suppose 3*t - 4*r + 16 = 5*t, -t + 2*r = 0. What is the greatest common factor of t and 2?
2
Let a be 6/(-15) + (-52)/20. Let t be -1 - -2 - 3/a. Suppose 0 = -s + t*s + 3*u - 18, -s + 18 = -5*u. What is the greatest common divisor of 36 and s?
18
Suppose -5*g = -